077?
False
Is 817595220 a multiple of 52?
True
Is 151 a factor of 23657623?
True
Is 5261871 a multiple of 23?
True
Is 64271592 a multiple of 56?
True
Is 26 a factor of 45960122?
True
Is 8 a factor of 13988456?
True
Is 22 a factor of 9700251?
False
Is 94144174 a multiple of 44?
False
Is 327228496 a multiple of 14?
True
Does 14 divide 673079113?
False
Is 4 a factor of 286369088?
True
Is 54531512 a multiple of 2401?
True
Is 1147804164 a multiple of 204?
True
Is 114521722 a multiple of 2114?
True
Is 316 a factor of 14962916?
True
Does 381 divide 174983334?
False
Does 1100 divide 212601400?
True
Is 210765302 a multiple of 121?
True
Is 6627 a factor of 1268109964?
False
Is 23 a factor of 84842413?
False
Is 15 a factor of 428205?
True
Does 47 divide 226262335?
False
Is 799 a factor of 20030930?
True
Does 567 divide 90088362?
True
Is 637084682 a multiple of 420?
False
Is 271524501 a multiple of 79?
True
Is 4325869967 a multiple of 4237?
False
Does 2345 divide 3309829145?
True
Does 754 divide 25221437?
False
Is 3158 a factor of 1969727318?
False
Does 226 divide 18291565?
False
Is 37684580 a multiple of 92?
True
Is 158 a factor of 177498464?
True
Is 3237310 a multiple of 10?
True
Is 3428263284 a multiple of 282?
True
Is 15620800 a multiple of 751?
True
Is 1486876523 a multiple of 7135?
False
Is 564360041 a multiple of 26?
False
Is 95 a factor of 136285670?
True
Is 1235368529 a multiple of 7468?
False
Does 95 divide 7309064?
False
Is 166340833 a multiple of 2247?
False
Is 14 a factor of 2443118480?
False
Is 15023991 a multiple of 69?
True
Is 103 a factor of 232042638?
False
Is 103797946 a multiple of 1882?
True
Is 218 a factor of 26842534?
False
Is 349 a factor of 1040296515?
False
Is 22 a factor of 212535136?
True
Does 660 divide 8575865?
False
Is 42710678 a multiple of 202?
True
Is 162175500 a multiple of 1230?
True
Does 11 divide 4533654427?
False
Is 149 a factor of 3576004?
False
Is 12990762 a multiple of 5?
False
Does 214 divide 289781151?
False
Does 13 divide 317554971?
False
Is 539 a factor of 29209526?
False
Is 599855760 a multiple of 119?
False
Does 195 divide 7216706445?
True
Is 23 a factor of 46800700?
False
Is 101151325 a multiple of 25?
True
Does 2820 divide 155116674?
False
Is 2075462880 a multiple of 480?
True
Does 31 divide 19003012?
False
Is 3381 a factor of 99736936?
False
Is 1113 a factor of 294201017?
False
Is 61 a factor of 123802372?
False
Is 772600176 a multiple of 8?
True
Does 96 divide 2463070057?
False
Is 48 a factor of 363549408?
True
Is 556664430 even?
True
Does 949 divide 38359529?
True
Is 218178 a multiple of 7?
False
Is 2544 a factor of 163521109?
False
Is 61 a factor of 106756588?
True
Is 255 a factor of 5645700?
True
Is 1110869948 a multiple of 10?
False
Does 12 divide 2995422465?
False
Does 72 divide 7564464?
True
Is 2157 a factor of 485771029?
False
Does 6621 divide 1133477776?
False
Is 1208 a factor of 392920120?
True
Is 473 a factor of 20347987?
True
Is 478 a factor of 10776398?
False
Is 2557 a factor of 6763349381?
True
Does 9 divide 68789359?
False
Is 255215146 a multiple of 6?
False
Is 8 a factor of 68465304?
True
Does 1859 divide 151427946?
False
Does 87 divide 9784034?
False
Is 60 a factor of 1337760600?
True
Does 21 divide 324142839?
False
Does 1309 divide 42892671?
False
Is 123 a factor of 48930138?
True
Is 58948643 a multiple of 1511?
True
Is 50366548 a multiple of 284?
True
Is 29829742 a multiple of 575?
False
Is 19 a factor of 27054708?
True
Does 97 divide 11615259?
False
Does 10 divide 42801180?
True
Is 7247075 a multiple of 95?
True
Is 10 a factor of 79593930?
True
Does 2008 divide 119753104?
True
Is 84325435 a multiple of 64?
False
Is 1268497384 a multiple of 6?
False
Does 23 divide 12196647?
True
Does 3035 divide 215506245?
True
Is 17 a factor of 610541955?
False
Is 158 a factor of 2562117572?
True
Does 1506 divide 569619354?
False
Is 1067 a factor of 658096791?
True
Is 47670608 a multiple of 62?
False
Is 462 a factor of 23633610?
True
Is 43125476 a multiple of 91?
False
Is 2912204518 a multiple of 186?
False
Does 75 divide 275457784?
False
Is 1041289965 a multiple of 95?
True
Is 1721585939 a multiple of 601?
False
Does 14 divide 2750692631?
False
Is 6 a factor of 85624277?
False
Is 5 a factor of 3458639?
False
Does 385 divide 44902935?
True
Is 53 a factor of 292532069?
True
Does 740 divide 136770363?
False
Is 8433761 a multiple of 2?
False
Does 958 divide 408213380?
True
Is 36544070 a multiple of 3?
False
Does 336 divide 25823280?
True
Is 588197893 a multiple of 1164?
False
Does 13 divide 11352055?
True
Is 376 a factor of 345866232?
True
Does 11 divide 836479611?
True
Does 1090 divide 62542276?
False
Is 686758891 a multiple of 3809?
True
Does 23 divide 4155975294?
True
Is 298 a factor of 4587692285?
False
Is 667755973 a multiple of 736?
False
Is 65277600 a multiple of 25?
True
Does 1088 divide 987537630?
False
Is 15342212 a multiple of 33?
False
Is 326 a factor of 67754670?
False
Is 427 a factor of 4591800?
False
Does 4 divide 17600708?
True
Is 394 a factor of 575059154?
True
Is 132783703 a multiple of 13?
True
Does 692 divide 37731300?
True
Is 251213664 a multiple of 404?
True
Does 577 divide 339891659?
True
Is 78454801 a multiple of 85?
False
Is 27 a factor of 206003048?
False
Does 73 divide 33238579?
True
Is 164632032 a multiple of 72?
True
Does 109 divide 119636002?
True
Is 71542680 a multiple of 249?
True
Is 771942885 a multiple of 104?
False
Does 8 divide 2764668?
False
Is 5675814 a multiple of 564?
False
Is 551180861 a multiple of 5533?
True
Is 21223390 a multiple of 1752?
False
Is 1013 a factor of 323704079?
False
Does 18 divide 10350090?
True
Is 3684432324 a multiple of 72?
False
Does 911 divide 70192550?
True
Does 8 divide 23557792?
True
Does 83 divide 819403639?
True
Does 369 divide 8852679?
True
Is 123 a factor of 498174635?
False
Is 2023352 a multiple of 91?
False
Does 13 divide 32155266?
True
Is 24473750 a multiple of 14?
True
Is 95 a factor of 157739098?
False
Is 59 a factor of 15934071?
True
Is 21704093 a multiple of 211?
True
Does 69 divide 37275797?
False
Is 8 a factor of 992696064?
True
Does 23 divide 943720843?
True
Is 122 a factor of 36941234?
True
Does 16 divide 585788064?
True
Does 24 divide 5158080?
True
Is 107 a factor of 413858987?
True
Is 73990084 a multiple of 259?
True
Does 15 divide 1729451321?
False
Is 202003987 a multiple of 295?
False
Does 34 divide 22552594?
False
Does 11 divide 88544473?
False
Does 12 divide 613714842?
False
Is 514469406 a multiple of 14?
False
Is 655 a factor of 66327265?
True
Is 3 a factor of 87038838?
True
Does 4917 divide 1275499302?
True
Is 258213624 a multiple of 385?
False
Does 52 divide 406365101?
False
Is 77376218 a multiple of 1493?
True
Is 264228777 a multiple of 2?
False
Does 5 divide 33517550?
True
Does 10 divide 242370584?
False
Is 64706130 a multiple of 90?
True
Is 2672 a factor of 1539574336?
True
Does 12 divide 15311040?
True
Is 5587 a factor of 929599253?
False
Is 1068 a factor of 274023782?
False
Is 3074 a factor of 78365482?
True
Does 23 divide 232421233?
True
Does 1451 divide 10609712?
True
Does 4 divide 556627660?
True
Does 5 divide 133960885?
True
Is 89254228 a multiple of 487?
False
Is 210 a factor of 1915064?
False
Does 509 divide 92437454?
True
Is 13827893 a multiple of 110?
False
Does 60 divide 38038740?
True
Does 341 divide 210264419?
False
Is 135588617 a multiple of 7?
False
Does 85 divide 5132417?
False
Is 38746696 a multiple of 74?
True
Is 14 a factor of 1329145580?
True
Is 72255142 a multiple of 14?
False
Does 68 divide 95805200?
True
Does 13 divide 8079448?
True
Is 12 a factor of 233680452?
True
Is 419 a factor of 100376059?
True
Is 32978505 a multiple of 105?
True
Does 35 divide 2284590?
True
Is 3223 a factor of 120475740?
True
Is 3920416 a multiple of 32?
True
Is 140252760 a multiple of 2696?
False
Is 113563440 a multiple of 24?
True
Is 2978107 a multiple of 58?
False
Does 417 divide 675456183?
True
Is 5911088 a multiple of 78?
False
Is 62 a factor of 645210502?
True
Does 434 divide 222131616?
True
Is 3222731490 a multiple of 6?
True
Does 3348 divide 420756552?
True
Is 36 a factor of 216563616?
True
Does 49 divide 141043965?
False
Does 32 divide 31630307?
False
Does 3 divide 5255130?
True
Is 2846037 a multiple of